nd 1672.
19
Calculate the greatest common divisor of 9826 and 3502.
34
Calculate the greatest common factor of 74973 and 27.
3
What is the greatest common divisor of 1 and 1453?
1
What is the greatest common divisor of 1937 and 1248?
13
Calculate the greatest common divisor of 19124 and 98.
14
Calculate the greatest common factor of 9630 and 330.
30
What is the highest common factor of 3302 and 143?
13
What is the highest common divisor of 17 and 49857?
1
What is the highest common factor of 686 and 19684?
14
Calculate the highest common factor of 8532 and 27756.
108
What is the greatest common divisor of 173466 and 2277?
207
What is the highest common divisor of 5952 and 1550?
62
What is the greatest common factor of 4524 and 421863?
1131
Calculate the highest common divisor of 234 and 494.
26
Calculate the highest common factor of 68 and 358.
2
What is the highest common factor of 208109 and 11?
11
Calculate the highest common divisor of 261029 and 609.
29
Calculate the greatest common factor of 55220 and 1540.
220
What is the highest common divisor of 240645 and 549?
183
Calculate the greatest common factor of 123 and 340.
1
What is the greatest common factor of 60164 and 113568?
676
Calculate the highest common factor of 100023 and 682.
11
Calculate the greatest common divisor of 64347 and 14507.
89
Calculate the highest common divisor of 861583 and 31.
31
What is the greatest common factor of 7 and 96453?
7
Calculate the highest common divisor of 4651188 and 96.
12
Calculate the highest common divisor of 197778 and 204.
102
Calculate the greatest common factor of 420 and 99120.
420
Calculate the highest common divisor of 2407 and 1992.
83
What is the highest common divisor of 1100784 and 6745?
1349
What is the highest common divisor of 82927 and 1027?
13
What is the highest common divisor of 20824 and 4658?
274
What is the highest common divisor of 20467 and 3104?
97
Calculate the greatest common factor of 100 and 576.
4
Calculate the greatest common divisor of 62456 and 4220.
844
What is the greatest common divisor of 3732 and 25502?
622
What is the greatest common factor of 3435 and 22065?
15
Calculate the greatest common divisor of 71823 and 267.
267
What is the highest common divisor of 54825 and 105825?
1275
Calculate the greatest common factor of 13192 and 24.
8
Calculate the highest common factor of 63 and 147978.
9
Calculate the greatest common divisor of 1992 and 1722084.
996
What is the highest common divisor of 7521 and 621?
69
What is the highest common factor of 90 and 149790?
30
What is the highest common factor of 122408 and 286?
286
What is the highest common divisor of 5060 and 13340?
460
Calculate the highest common divisor of 48 and 9680304.
48
Calculate the highest common divisor of 23 and 45189.
1
What is the greatest common factor of 515 and 180?
5
Calculate the highest common divisor of 854 and 17458.
14
What is the greatest common divisor of 324 and 414?
18
Calculate the highest common divisor of 3195 and 1305.
45
What is the highest common divisor of 33024 and 8471?
43
What is the greatest common factor of 189 and 39291?
21
What is the greatest common factor of 4829770 and 253?
253
Calculate the highest common divisor of 2436 and 25114.
58
Calculate the highest common divisor of 1360 and 17136.
272
What is the greatest common factor of 43289 and 77683?
593
What is the greatest common factor of 294 and 15918?
42
What is the greatest common factor of 26831 and 49?
7
Calculate the greatest common divisor of 35964 and 1752.
12
What is the highest common divisor of 3928980 and 55?
55
What is the highest common divisor of 22038 and 66?
6
What is the highest common divisor of 9324 and 6153?
21
What is the greatest common factor of 2592 and 17696?
32
Calculate the highest common factor of 126595 and 35.
35
What is the greatest common divisor of 34332 and 24?
12
Calculate the greatest common factor of 1308380 and 40.
20
What is the greatest common divisor of 2192221 and 47?
47
Calculate the greatest common factor of 24928 and 186304.
1312
What is the highest common factor of 3132 and 8236?
116
Calculate the greatest common factor of 3340 and 16867.
167
What is the greatest common factor of 8253 and 3381?
21
Calculate the greatest common factor of 46445 and 203.
7
Calculate the highest common factor of 477 and 186984.
477
What is the greatest common divisor of 1884 and 338649?
471
Calculate the greatest common factor of 140828 and 114988.
1292
Calculate the highest common factor of 408752 and 224.
16
Calculate the greatest common divisor of 17 and 71094.
17
Calculate the highest common divisor of 72001 and 15219.
89
What is the highest common divisor of 16 and 7172464?
16
What is the greatest common divisor of 198 and 439902?
18
What is the greatest common factor of 6228 and 12?
12
What is the highest common divisor of 7161 and 6615?
21
Calculate the greatest common factor of 65 and 1622855.
65
What is the greatest common factor of 575 and 83973?
23
What is the greatest common divisor of 1712 and 3088?
16
Calculate the greatest common divisor of 100 and 94375.
25
What is the highest common divisor of 1522985 and 10?
5
Calculate the greatest common divisor of 42 and 33522.
6
What is the highest common divisor of 297 and 13739?
11
What is the greatest common factor of 2735030 and 20?
10
Calculate the greatest common factor of 35 and 73080.
35
What is the greatest common divisor of 111 and 121?
1
Calculate the highest common factor of 35336 and 364.
28
What is the greatest common factor of 312 and 371832?
24
What is the highest common divisor of 23808 and 930?
186
Calculate the greatest common factor of 632170 and 3284.
1642
What is the highest common factor of 820308 and 8?
4
Calculate the greatest common factor of 5238 and 11640.
582
What is the highest common factor of 407 and 274318?
407
Calculate the highest common divisor of 48 and 380176.
16
Calculate the greatest common factor of 25080 and 1080.
120
Calculate the greatest common divisor of 360 and 714420.
180
Calculate the highest common divisor of 354903 and 4215.
843
What is the greatest common factor of 2322 and 15147?
27
What is the greatest common divisor of 69052 and 283?
283
What is the highest common divisor of 103584 and 6266?
26
Calculate the highest common divisor of 16 and 71944.
8
Calculate the highest common divisor of 98 and 4190.
2
What is the highest common divisor of 248742 and 234?
234
Calculate the highest common divisor of 384 and 145056.
96
What is the greatest common factor of 806 and 85343?
31
What is the greatest common divisor of 4936 and 3112?
8
What is the highest common divisor of 1770 and 4511730?
1770
What is the highest common factor of 139868 and 9052?
292
Calculate the highest common factor of 2328 and 1776.
24
What is the greatest common divisor of 117 and 5922969?
39
What is the highest common divisor of 430950 and 71604?
1326
Calculate the highest common divisor of 96 and 2888208.
48
What is the greatest common factor of 1829 and 6750839?
1829
Calculate the highest common factor of 616 and 15736.
56
What is the greatest common factor of 4878 and 2250?
18
What is the highest common factor of 615795 and 60?
15
Calculate the highest common factor of 4717739 and 13.
13
Calculate the greatest common divisor of 126853 and 94.
47
What is the highest common factor of 138 and 432676?
46
What is the greatest common factor of 20 and 1819020?
20
Calculate the highest common factor of 44 and 52811.
11
Calculate the greatest common divisor of 38 and 74632.
38
Calculate the greatest common divisor of 167388 and 116.
116
What is the highest common divisor of 2502 and 30168?
18
Calculate the greatest common divisor of 14617 and 611.
47
What is the highest common factor of 422 and 129?
1
Calculate the greatest common divisor of 62913 and 1608.
201
What is the highest common divisor of 44 and 7414?
22
What is the greatest common divisor of 869 and 18195991?
869
What is the highest common factor of 2826 and 1359?
9
What is the greatest common divisor of 833 and 3417?
17
Calculate the greatest common divisor of 1330 and 1020.
10
What is the greatest common factor of 2805 and 3660?
15
What is the greatest common divisor of 621 and 24?
3
What is the 